he greatest common divisor of t and 45.
15
Suppose 0*d = 2*d + 16. Let j = 17 + d. Calculate the greatest common divisor of j and 9.
9
Let o(i) = 11*i**2 - 2*i - 1. Let n be o(-1). Let u = n - 8. Let x be (-2)/(-8) + (-15)/(-4). What is the highest common divisor of x and u?
4
Suppose -3*r - 44 + 119 = 5*t, 2*r - 51 = -3*t. Let y = 45 - r. Suppose 0 = -3*u + 2*u + 5. What is the highest common divisor of u and y?
5
Suppose 5*p - 7 = 4*q, 3*q - 11 = 6*q + 2*p. Let m = 67 - q. Calculate the greatest common factor of 10 and m.
10
Suppose -z = -2*h + 2*z + 314, -z + 152 = h. Let q(i) = -i - 5. Let u be q(-7). Let f be (u - -15) + 3/(-1). What is the highest common divisor of f and h?
14
Let c = 131 - 85. Calculate the highest common factor of 46 and c.
46
Let w(x) = x**2 - 6*x + 2. Let k be w(10). Let y(q) = -q + 7. Let b be y(7). Suppose -2*z = -b*z - 12. Calculate the highest common divisor of k and z.
6
Let b(y) = y**3 + 12*y**2 - 2*y - 10. Let u be b(-10). Calculate the greatest common factor of 30 and u.
30
Suppose 0 = -g + 5*b + 2 + 1, 4*g - 2*b + 6 = 0. Let t(x) = x - 2. Let p be t(g). Let n be (2/p)/(2/(-52)). What is the greatest common divisor of n and 104?
13
Let c = 2 - -1. Suppose c*v - v = 16. Suppose -2*z + 63 = -m, -z + 3*m + 47 = v. What is the highest common factor of 10 and z?
10
Let m = -134 - -319. What is the highest common factor of 74 and m?
37
Let p(w) be the third derivative of -5/6*w**3 + 23/24*w**4 + 0*w + 2*w**2 + 0. Let q be p(6). What is the highest common divisor of 19 and q?
19
Let c(u) = -u**3 + 11*u**2 - u - 13. Let x be c(11). Let v = -16 - x. Let o(k) = k**3 + 1. Let j be o(0). Calculate the highest common divisor of j and v.
1
Suppose 2*c + 40 = 4*j, 2*c = 6*j - j - 52. What is the greatest common divisor of 30 and j?
6
Suppose -3*y = -q + 196, 5*q = -5*y + 2*q - 308. Let u = -24 - y. Calculate the greatest common factor of 100 and u.
20
Suppose 17 = -7*d + 101. Suppose f = 3 + 117. Calculate the highest common factor of f and d.
12
Let p = 4 + 0. Suppose -5*c = -p*l - l + 20, -4*l + 22 = -c. What is the highest common factor of l and 3?
3
Let a(g) = g. Let s(i) = -i**2 + 6*i + 16. Let f be s(7). Let w be a(f). Calculate the greatest common factor of w and 1.
1
Let s be 6/4 + (-6)/(-4). Suppose -32 = -4*t - 8. Suppose -f + s = -t. What is the highest common divisor of f and 6?
3
Suppose -g + 31 = 13. What is the highest common divisor of 27 and g?
9
Let u be 1 + 0 + (-6 - -7). Let l(v) = -4*v + 2 + 4*v**u - 4 + 7*v. Let n be l(2). What is the greatest common divisor of 4 and n?
4
Let y(o) = 22*o. Let u be y(2). Calculate the highest common divisor of u and 110.
22
Let n(p) = p**3 + 10*p**2 + 2*p - 16. Let j be n(-8). What is the greatest common divisor of 12 and j?
12
Suppose 7 = u + 4*m - 6*m, u + 23 = -4*m. Let z be (-2)/3 - 314/u. What is the highest common divisor of 13 and z?
13
Suppose -3*m + 23 = r, 3*r + 3*m - 56 = 13. Suppose -377 = -2*x - 3*o, -5*x + 279 + 626 = -5*o. Calculate the greatest common divisor of r and x.
23
Let x(l) = l**2 + l - 9. Let b be x(4). Let t(m) = 31*m**2 - 9*m**2 + 3*m - 1 + 7*m**2. Let q be t(2). What is the highest common divisor of q and b?
11
Suppose 0 = -5*x - o + 124, -2*o - 4 = -x + 3*o. Suppose 5*z = 4*z + x. What is the highest common divisor of z and 36?
12
Suppose -1 = s - 6. Suppose -s*j + 10*j = 770. What is the highest common factor of j and 14?
14
Let k be ((-5)/(-4))/((-1)/(-4)). Suppose -5*v + 24 = 3*f - 21, 5*f + k = 5*v. Let l be (22/4)/(v/12). What is the greatest common divisor of 44 and l?
11
Suppose 6*j - 28 = 2*j. What is the greatest common divisor of j and 70?
7
Let q = 99 - 62. Suppose m - 2*p = -3*m + 46, 3*m = p + q. Calculate the greatest common divisor of m and 70.
14
Let v = 80 - 28. What is the greatest common divisor of 13 and v?
13
Let x(q) = -3*q - 5. Let v be x(-5). Let c be v/(-4) + (-9)/(-6). Let g be (-2)/c - (-32)/4. What is the highest common divisor of 4 and g?
2
Let x = -36 + 87. Let o be x - (0 - (4 - 0)). Calculate the greatest common factor of o and 5.
5
Let z = 0 + 5. Suppose 0*u = 3*u + x - 16, z*u - 12 = 2*x. Suppose 0 = -2*i - 4, 3*r - 4*i + 10 - 48 = 0. Calculate the highest common divisor of u and r.
2
Suppose 0 = -5*i - a + 397, 4*i + 2*a - 320 = -0*i. Suppose 0 = -3*p + 110 + i. What is the greatest common divisor of 9 and p?
9
Suppose -5 = -3*t + 4. Suppose -t*i - 3*w = -63, 5*i + 2*w - 87 = 3*w. Suppose j = -2*j + 135. Calculate the highest common divisor of j and i.
9
Let q(x) = x + 20. Let h be q(0). Calculate the greatest common factor of 140 and h.
20
Suppose 4*j = 5*r + 92, 24 = j - 3*r - 6. Calculate the highest common factor of j and 198.
18
Let q be (-4)/6 + (-268)/(-6). Let z(r) = 6*r - 6. Let g be z(5). Let h = q - g. Calculate the highest common factor of h and 5.
5
Let a = -3 - -20. Suppose a = 2*q - 11. What is the greatest common divisor of 112 and q?
14
Let l = 11 - 7. Let r(b) = 60*b. Let o be r(l). Suppose -o = -0*q - 4*q. What is the greatest common divisor of 24 and q?
12
Let r be 2 - (1 - (0 + 652)). Suppose -411 - r = 4*g. Let v = g + 376. What is the greatest common factor of 10 and v?
10
Let m = -15 - -27. What is the greatest common divisor of m and 24?
12
Let r be (((-100)/16)/(-5))/(3/36). Calculate the greatest common divisor of r and 20.
5
Let p be (-2)/10 + (-1)/((-10)/152). Calculate the greatest common divisor of p and 165.
15
Let p = 2 + -5. Let o be p*((-14)/3 + 2). Let a(m) = -9*m - 1. Let j be a(-1). What is the greatest common factor of j and o?
8
Let q be 3 - (1 - (-2)/(-2)). Suppose 0 = -4*j - j + 15. Suppose -15 = -b + j*h, -h + 2*h - 60 = -4*b. What is the highest common factor of q and b?
3
Suppose 4*x + 16 = 0, -j + x - 9 + 53 = 0. Calculate the highest common divisor of 10 and j.
10
Let v be ((-142)/4)/((-2)/12). Let u = v + -141. Let g(f) = -f**3 + 5*f**2 - 3*f. Let o be g(3). What is the greatest common divisor of u and o?
9
Suppose -g + 3*h + 16 = -9, -h + 37 = g. Let w = 66 - g. What is the highest common factor of w and 48?
16
Suppose -4*u - 10*b + 30 = -8*b, -3*u + 33 = 5*b. What is the highest common factor of 6 and u?
6
Let a(q) = 32*q**2 + q - 2. Let k be a(1). What is the greatest common factor of k and 217?
31
Suppose -5*d = -2*c + 4 + 35, 3*c - 56 = 5*d. Suppose -5*v = -5*b - 830, -2*v + 217 + 131 = 2*b. Calculate the greatest common divisor of v and c.
17
Suppose -2*k + 6 = 0, 3*j - 34 = -4*k + 143. Calculate the highest common divisor of 11 and j.
11
Suppose 122 = 2*o + 3*j, -5*o - 4*j + 126 = -3*o. Suppose 8*p - 3*p - o = 0. Suppose -3*x + 109 = -122. What is the highest common divisor of p and x?
11
Suppose 0*m - 30 = -m - w, -4*m + 126 = w. Let n be (-8)/m - (-82)/8. Suppose -4*b - 32 = -k - 3*k, b = -k. Calculate the greatest common factor of k and n.
2
Let c = -25 - -35. Suppose -3 - c = -r. Calculate the highest common divisor of 143 and r.
13
Let h be (38/1)/2 - -1. Suppose 4*q - 8 = h. Calculate the greatest common divisor of q and 14.
7
Let y(o) = -5*o - 10. Let b be y(-5). What is the greatest common divisor of 5 and b?
5
Let z(d) be the first derivative of 6*d - 2 + 2 - d**2 - 3. Let f be z(-5). What is the greatest common factor of 16 and f?
16
Suppose 2*i - 3*i = 2*w - 54, 0 = -5*i + w + 303. Let f(a) = -14*a + 6. Let u be f(-4). Suppose 3*p = 10 + u. Calculate the highest common divisor of i and p.
12
Suppose 4*x - m = -0*x + 63, -87 = -5*x + 4*m. Let o = 15 + -10. Let u(d) = 2*d**2 + 2*d. Let s be u(o). Calculate the greatest common factor of s and x.
15
Let d(z) be the first derivative of z**3/3 - 2*z**2 - z - 1. Suppose -15 + 3 = -2*t. Let q be d(t). What is the greatest common divisor of q and 55?
11
Suppose -5*q = 72 - 317. Calculate the highest common factor of 7 and q.
7
Let p be (-3)/(-2)*(-1 + -1). Suppose -5*r + 58 = 5*u - 2, -3*u + 50 = 5*r. Let b = r + p. Calculate the greatest common divisor of 2 and b.
2
Suppose 5*o + 4*z - 3530 = 0, -3*z - 2118 = -2*o - o. Suppose 137 = w - 0*u + u, -2*u = -5*w + o. Calculate the greatest common divisor of 20 and w.
20
Let m be -3*7/(-2)*10. Let x = 15 + 27. Calculate the highest common factor of x and m.
21
Suppose 24*r = 18*r + 204. What is the highest common divisor of r and 238?
34
Let q(s) = -